11?
3, 659, 7243
What are the prime factors of 676612?
2, 47, 59, 61
What are the prime factors of 420012?
2, 3, 3889
What are the prime factors of 1007326?
2, 503663
What are the prime factors of 456424?
2, 59, 967
List the prime factors of 3242765.
5, 47, 13799
List the prime factors of 367949.
367949
What are the prime factors of 3763304?
2, 470413
List the prime factors of 23519267.
23519267
What are the prime factors of 278303?
53, 59, 89
What are the prime factors of 2142568?
2, 107, 2503
What are the prime factors of 8685808?
2, 619, 877
List the prime factors of 1867478.
2, 933739
What are the prime factors of 38195?
5, 7639
What are the prime factors of 1930816?
2, 30169
What are the prime factors of 5403866?
2, 13, 19, 10939
What are the prime factors of 6711107?
13, 17, 30367
What are the prime factors of 266455?
5, 7, 23, 331
List the prime factors of 9355798.
2, 4677899
What are the prime factors of 1569289?
1569289
List the prime factors of 915550.
2, 5, 18311
List the prime factors of 15764443.
211, 74713
What are the prime factors of 897676?
2, 13, 61, 283
What are the prime factors of 735954?
2, 3, 23, 5333
List the prime factors of 2984.
2, 373
List the prime factors of 1530085.
5, 17, 47, 383
What are the prime factors of 16102029?
3, 1237, 4339
List the prime factors of 852145.
5, 7, 97, 251
List the prime factors of 5001512.
2, 37, 61, 277
What are the prime factors of 1256105?
5, 251221
List the prime factors of 202026.
2, 3, 11, 3061
What are the prime factors of 16229427?
3, 941, 5749
What are the prime factors of 44095361?
31, 59, 24109
What are the prime factors of 5130239?
137, 37447
What are the prime factors of 1299977?
7, 185711
What are the prime factors of 224481?
3, 74827
What are the prime factors of 1720673?
83, 20731
What are the prime factors of 298834?
2, 149417
List the prime factors of 16581.
3, 5527
What are the prime factors of 9878798?
2, 71, 73, 953
List the prime factors of 1693814.
2, 97, 8731
List the prime factors of 653311.
653311
List the prime factors of 3100070.
2, 5, 127, 2441
What are the prime factors of 40686138?
2, 3, 251149
What are the prime factors of 345010?
2, 5, 34501
What are the prime factors of 826469?
7, 37, 3191
What are the prime factors of 2754326?
2, 691, 1993
List the prime factors of 1026450.
2, 3, 5, 2281
List the prime factors of 2664326.
2, 7, 31, 877
What are the prime factors of 1380541?
59, 23399
List the prime factors of 326337.
3, 11, 29, 31
What are the prime factors of 291785?
5, 13, 67
What are the prime factors of 7500516?
2, 3, 19, 67, 491
What are the prime factors of 9533100?
2, 3, 5, 43, 739
List the prime factors of 28380950.
2, 5, 13, 47, 929
List the prime factors of 81594.
2, 3, 1511
List the prime factors of 157532.
2, 39383
What are the prime factors of 190173?
3, 63391
What are the prime factors of 5403710?
2, 5, 13, 197, 211
List the prime factors of 25708468.
2, 6427117
List the prime factors of 1782252.
2, 3, 31, 1597
List the prime factors of 13406642.
2, 17, 29, 13597
What are the prime factors of 508873?
83, 6131
What are the prime factors of 2477274?
2, 3, 17, 149, 163
List the prime factors of 646382.
2, 11, 2671
What are the prime factors of 7685336?
2, 960667
List the prime factors of 1779221.
283, 6287
What are the prime factors of 142644?
2, 3, 11887
List the prime factors of 353489.
353489
List the prime factors of 307078.
2, 19, 8081
What are the prime factors of 230225?
5, 9209
What are the prime factors of 432399?
3, 11, 13103
List the prime factors of 1680176.
2, 173, 607
What are the prime factors of 416541?
3, 43, 3229
What are the prime factors of 6043340?
2, 5, 302167
What are the prime factors of 273593?
41, 6673
What are the prime factors of 291265?
5, 13, 4481
What are the prime factors of 1589832?
2, 3, 71, 311
What are the prime factors of 13122280?
2, 5, 251, 1307
What are the prime factors of 4988773?
19, 262567
What are the prime factors of 893256?
2, 3, 7, 13, 409
List the prime factors of 162280.
2, 5, 4057
List the prime factors of 109283.
103, 1061
What are the prime factors of 989976?
2, 3, 13, 19, 167
List the prime factors of 2693238.
2, 3, 448873
What are the prime factors of 13902100?
2, 5, 139021
What are the prime factors of 262074?
2, 3, 31, 1409
What are the prime factors of 3277206?
2, 3, 60689
List the prime factors of 333957.
3, 13, 8563
List the prime factors of 1363341.
3, 7, 64921
List the prime factors of 18851751.
3, 31, 101, 223
What are the prime factors of 53038?
2, 23, 1153
What are the prime factors of 325688?
2, 11, 3701
List the prime factors of 224143.
19, 47, 251
What are the prime factors of 25242474?
2, 3, 4207079
List the prime factors of 490435.
5, 11, 37, 241
List the prime factors of 1602865.
5, 11, 151, 193
List the prime factors of 956700.
2, 3, 5, 1063
What are the prime factors of 592801?
11, 53891
List the prime factors of 69697.
69697
What are the prime factors of 32154798?
2, 3, 13, 43, 9587
List the prime factors of 13251836.
2, 13, 73, 3491
List the prime factors of 313198.
2, 149, 1051
List the prime factors of 430412.
2, 107603
List the prime factors of 446220.
2, 3, 5, 37, 67
List the prime factors of 9750526.
2, 47, 2207
List the prime factors of 2890891.
97, 29803
What are the prime factors of 635396?
2, 158849
What are the prime factors of 3004892?
2, 11, 31, 2203
List the prime factors of 771260.
2, 5, 7, 787
What are the prime factors of 2010675?
3, 5, 17, 19, 83
What are the prime factors of 740088?
2, 3, 19, 541
List the prime factors of 288829.
367, 787
What are the prime factors of 482749?
17, 73, 389
List the prime factors of 279777.
3, 179, 521
List the prime factors of 432451.
43, 89, 113
List the prime factors of 279034.
2, 7, 19, 1049
List the prime factors of 9630491.
13, 23, 31, 1039
List the prime factors of 795632.
2, 49727
List the prime factors of 6330473.
6330473
List the prime factors of 23899475.
5, 79, 12101
What are the prime factors of 14207716?
2, 17, 43, 113
What are the prime factors of 588481?
588481
What are the prime factors of 968534?
2, 7, 9883
What are the prime factors of 664912?
2, 29, 1433
List the prime factors of 284714.
2, 142357
What are the prime factors of 61566?
2, 3, 31, 331
What are the prime factors of 13368457?
19, 491, 1433
What are the prime factors of 26348443?
11, 29, 151, 547
What are the prime factors of 12585578?
2, 433, 14533
What are the prime factors of 22670958?
2, 3, 173, 21841
List the prime factors of 6696155.
5, 31, 43201
What are the prime factors of 554153?
107, 5179
What are the prime factors of 14484267?
3, 7, 61, 3769
List the prime factors of 10776120.
2, 3, 5, 89, 1009
What are the prime factors of 360988?
2, 90247
List the prime factors of 29235962.
2, 7, 173, 12071
What are the prime factors of 1118272?
2, 101, 173
List the prime factors of 1411815.
3, 5, 94121
What are the prime factors of 610233?
3, 13, 15647
List the prime factors of 1256899.
7, 113, 227
What are the prime factors of 264766?
2, 132383
What are the prime factors of 145302?
2, 3, 61, 397
What are the prime factors of 11288432?
2, 19, 71, 523
List the prime factors of 2064229.
2064229
List the prime factors of 1938314.
2, 7, 138451
What are the prime factors of 1418712?
2, 3, 59113
What are the prime factors of 4584750?
2, 3, 5, 6113
List the prime factors of 1747251.
3, 11, 37, 53
What are the prime factors of 1567988?
2, 113, 3469
What are the prime factors of 12582717?
3, 7, 83, 7219
List the prime factors of 112396.
2, 28099
List the prime factors of 2751096.
2, 3, 79, 1451
List the prime factors of 91321.
29, 47, 67
List the prime factors of 260794.
2, 19, 6863
What are the prime factors of 9217263?
3, 11, 279311
List the prime factors of 1014846.
2, 3, 7, 73, 331
List the prime factors of 69926.
2, 34963
What are the prime factors of 718436?
2, 293, 613
List the prime factors of 365789.
17, 21517
List the prime factors of 22166445.
3, 5, 7, 19, 41, 271
List the prime factors of 43794.
2, 3, 811
What are the prime factors of 3307108?
2, 7, 47, 359
What are the prime factors of 894916?
2, 11, 43
What are the prime factors of 321533?
67, 4799
List the prime factors of 13738711.
7, 47, 41759
List the prime factors of 1901861.
13